- 10?
-456
In base 3, what is 1010222 - -2?
1011001
In base 8, what is 3765 - 2?
3763
In base 12, what is 4 - 2a?
-26
In base 4, what is 11 + -1221?
-1210
In base 16, what is 0 - 2e?
-2e
In base 9, what is 1043 + 5?
1048
In base 4, what is 21033 - 2?
21031
In base 15, what is 4d + -2?
4b
In base 16, what is 1 + -a4e?
-a4d
In base 9, what is 13 + -2?
11
In base 14, what is c4 - 4?
c0
In base 16, what is -1 - 11d?
-11e
In base 10, what is 310 - 22?
288
In base 16, what is -49f + -a?
-4a9
In base 6, what is 144011 - -2?
144013
In base 12, what is -1 + -68?
-69
In base 14, what is 122 - 9?
117
In base 2, what is 10001011 - -101?
10010000
In base 12, what is 7 + 106b?
1076
In base 6, what is -5102 + -20?
-5122
In base 9, what is -47 - 116?
-164
In base 2, what is -10001110 - 101?
-10010011
In base 12, what is 0 - -454?
454
In base 8, what is 13 + 53?
66
In base 11, what is 129a + 5?
12a4
In base 5, what is -4 + 22241?
22232
In base 5, what is -1 - -23413?
23412
In base 2, what is 100010 - 10011?
1111
In base 9, what is -4 - 3176?
-3181
In base 3, what is 210 - 120000?
-112020
In base 7, what is 14 + -1?
13
In base 16, what is 5 - f5?
-f0
In base 7, what is -5 + -51?
-56
In base 5, what is 4 - 100112?
-100103
In base 10, what is 33 + -14?
19
In base 4, what is 11233 - -2?
11301
In base 13, what is -5 - 289?
-291
In base 13, what is -4 + 4a6?
4a2
In base 15, what is 2 + 13?
15
In base 12, what is 81bb - 5?
81b6
In base 2, what is 101000101 - 10?
101000011
In base 2, what is 1100 + 1111?
11011
In base 8, what is -2 + -60?
-62
In base 14, what is 2 - -4b?
4d
In base 4, what is 2 - 33012?
-33010
In base 7, what is 1 - -461?
462
In base 9, what is -321 - 8?
-330
In base 12, what is a9 - -12?
bb
In base 10, what is 4 - 149?
-145
In base 13, what is 5 + -1a0?
-198
In base 11, what is 3401 - -4?
3405
In base 12, what is 657 - -2?
659
In base 9, what is 1 + -1846?
-1845
In base 5, what is -102 + 4222?
4120
In base 15, what is 2 - 6a?
-68
In base 7, what is -1 + 1316?
1315
In base 13, what is -1 - 20?
-21
In base 2, what is -1001010000110 - -100?
-1001010000010
In base 3, what is 11 - 201111?
-201100
In base 12, what is 0 - 7a5?
-7a5
In base 14, what is -83 - 23?
-a6
In base 13, what is -2 - 29?
-2b
In base 11, what is 4 + 184?
188
In base 4, what is -1221 - 3203?
-11030
In base 16, what is -265 - 5?
-26a
In base 16, what is d - -19?
26
In base 6, what is -155 - -53?
-102
In base 6, what is -11 - 1140?
-1151
In base 8, what is -5324 + -3?
-5327
In base 13, what is 15b3 + 4?
15b7
In base 8, what is 41325 + -2?
41323
In base 5, what is 1 - 110430?
-110424
In base 4, what is -1 - 301322?
-301323
In base 7, what is 241 + -1?
240
In base 9, what is 177 - 10?
167
In base 14, what is -1 + -9?
-a
In base 12, what is 31 - -196?
207
In base 16, what is -5 + 20b?
206
In base 15, what is 4 - 97?
-93
In base 14, what is -6 - 220?
-226
In base 8, what is -1412 - -3?
-1407
In base 4, what is -1103 - 2100?
-3203
In base 2, what is 110 + 0?
110
In base 5, what is 3242 - 2?
3240
In base 4, what is 12 + 10201?
10213
In base 9, what is 1821 + -3?
1817
In base 14, what is -1023 + -2?
-1025
In base 13, what is -9 + 2b?
22
In base 14, what is 28c + -4?
288
In base 15, what is 9 - 22?
-18
In base 16, what is -5 + f9?
f4
In base 11, what is -8 - -150?
143
In base 14, what is -2a + 0?
-2a
In base 9, what is 1 - -740?
741
In base 7, what is -115 - -5?
-110
In base 7, what is 132 - -460?
622
In base 2, what is 101000001000 + 101?
101000001101
In base 5, what is 3 - -312?
320
In base 12, what is 1132 + 5?
1137
In base 6, what is 400 - -4?
404
In base 3, what is -122020 + 0?
-122020
In base 12, what is 30 + -9?
23
In base 4, what is -3111 - 21?
-3132
In base 4, what is 30 + 102?
132
In base 4, what is 2222 - -30?
2312
In base 10, what is 849 + -6?
843
In base 8, what is 3 + 125?
130
In base 2, what is 101 - -1001?
1110
In base 14, what is 1 - 31?
-30
In base 4, what is 30023 - 11?
30012
In base 8, what is -12 + 1?
-11
In base 8, what is -41 - 323?
-364
In base 10, what is -60 + 13?
-47
In base 10, what is 3 + 82?
85
In base 7, what is -132 - -3?
-126
In base 10, what is 343 + 4?
347
In base 9, what is -2434 + 5?
-2428
In base 7, what is 0 + -3652?
-3652
In base 3, what is 10 - 221?
-211
In base 13, what is -5 + -a5?
-aa
In base 6, what is 225 + 11?
240
In base 4, what is -1003 + 1001?
-2
In base 9, what is 32060 + -2?
32057
In base 12, what is 3 + 14?
17
In base 8, what is 25631 - -4?
25635
In base 6, what is -1532 + 11?
-1521
In base 2, what is -11 + 1001000010?
1000111111
In base 9, what is 7 + -187?
-180
In base 12, what is -5 - 36?
-3b
In base 9, what is 342 - 15?
326
In base 6, what is -30212 + -1?
-30213
In base 8, what is -22 - 434?
-456
In base 4, what is -2 - 3112?
-3120
In base 4, what is 3 - -2?
11
In base 7, what is 26 + 120?
146
In base 13, what is -20 - 0?
-20
In base 7, what is 334 - 2?
332
In base 16, what is 4 + -65?
-61
In base 8, what is -40 - 2?
-42
In base 5, what is 102 - 10?
42
In base 13, what is -1 + -a3c?
-a40
In base 9, what is 10 - 53?
-43
In base 10, what is -73 - 1?
-74
In base 13, what is -62 - 37?
-99
In base 7, what is 105 - -1?
106
In base 16, what is -8c + -1?
-8d
In base 2, what is -110110 - 11?
-111001
In base 15, what is -1 - 80?
-81
In base 10, what is -4 + 1086?
1082
In base 7, what is 411 - -135?
546
In base 14, what is -1 + ab?
aa
In base 16, what is 2 - 54e?
-54c
In base 7, what is 20 - 3010?
-2660
In base 15, what is 28 + 19?
42
In base 7, what is -35 - 530?
-565
In base 3, what is 1002202 + -20?
1002112
In base 7, what is 1 + -2426?
-2425
In base 2, what is 1110100 - 11101?
1010111
In base 3, what is -10101 + 112?
-2212
In base 11, what is -358 - -24?
-334
In base 13, what is 4 - 7c?
-78
In base 2, what is -100 - 10001111?
-10010011
In base 16, what is 1b5 + -e?
1a7
In base 8, what is 1143 - -2?
1145
In base 13, what is -24 - 21?
-45
In base 13, what is 0 + 34?
34
In base 10, what is -3 - -522?
519
In base 16, what is 2 - 15?
-13
In base 3, what is -1 + 12021?
12020
In base 11, what is 10812 + 0?
10812
In base 15, what is -4 + -5c?
-61
In base 13, what is 19 - -1c?
38
In base 6, what is 23 - -240?
303
In base 11, what is 17 + 6?
22
In base 10, what is -2204 + 6?
-2198
In base 5, what is -3 - -1110?
1102
In base 4, what is -2 - -213?
211
In base 6, what is 115 + -20?
55
In base 2, what is 100011 + 10110?
111001
In base 4, what is -323023 - -10?
-323013
In base 6, what is 445 + -2?
443
In base 8, what is -52 + -254?
-326
In base 7, what is 2 + 6506?
6511
In base 3, what is -11 + 102210?
102122
In base 4, what is 102000 - -12?
102012
In base 2, what is 100100001011 - 1?
100100001010
In base 11, what is -22 + 13?
-a
In base 15, what is -5539 + 2?
-5537
In base 3, what is 10 + 10000002?
10000012
In base 9, what is -262 + 2?
-260
In base 10, what is 3105 - 4?
3101
In base 16, what is 5f + -4?
5b
In base 16, what is 129a - -1?
129b
In base 10, what is 2092 - 2?
2090
In base 13, what is -5b + 3?
-58
In base 13, what is c - 76?
-67
In base 9, what is 5 + 607?
613
In base 12, what is 1 - -753?
754
In base 12, what is -16b + 5?
-166
In base 5, what is 10 + 1204?
1214
In base 7, what is 10 - -2412?
2422
In base 8, what is 14 - 6?
6
In base 7, what is -5 + 1216?
1211
In base 5, what is 4 + 340?
344
In base 7, what is 0 - -1523?
1523
In base 4, what is -3 + 1011?
1002
In base 2, what is 110111100 + 100011?
111011111
In base 12, what is -3 + -673?
-676
In base 10, what is 10 - -6?
16
In base 5, what is -13 + 2203?
2140
In base 7, what is 463 + -1?
462
In base 12, what is 7a - 9?
71
In base 13, what is -984 - 6?
-98a
In base 6, what is -310 + 5?
-301
In base 2, what is 0 - 100000000110?
-100000000110
In base 14, what is 5 + -249?
-244
In base 12, what is 17 - 8a2?
-887
In base 7, what is -3 - 10?
-13
In base 15, what is 2 - 76c?
-76a
In base 8, what is -1 - -302?
301
In base 5, what is 401 - -10?
411
In base 8, what is -2 + 1353?
1351
In base 14, what is -2 + 13?
11
In base 2, what is 1011100 + 10?
1011110
In base 13, what is -35c7 + 4?
-35c3
In base 12, what is 30 + 1?
31
In base 3, what is -2 - 1202?
-1211
In base 16, what is 2b40 - 0?
2b40
In base 8, what is 0 - 1022?
-1022
In base 2, what is 10 - 10001101101?
-10001101011
In base 9, what is 14 + 36?
5